f) = 3 + 5*f - 3*f - 6. Calculate k(2).
1
Let b = -15 - -11. Let j(h) = h + 1. Let q(o) = 1 - 2 - 4*o - 3 - 4. Let z(i) = -2*j(i) - q(i). Determine z(b).
-2
Let r(g) = 6*g - 3. Let a(m) = 13*m - 7. Let d(z) = -2*a(z) + 5*r(z). Calculate d(-1).
-5
Let p(o) = -24*o + 1 - 31*o + 57*o + o**2 + 0*o**2. Determine p(-2).
1
Let w = 3 - 3. Let z = w - 1. Let g(j) = 2*j**2 + 3*j**2 - 4*j**2. Determine g(z).
1
Let f(l) = -2*l - 1. Let b be f(-3). Let o(d) = -2 + d + 4*d - 3*d + 0*d. What is o(b)?
8
Let z(f) = f**3 - 5 + 3*f**2 - 3*f + 9 + 1. Suppose 7 = -p - 0*a + 3*a, -5*p - 24 = -4*a. Give z(p).
1
Let i be 42/(-9) + 2/(-6). Let j(x) be the first derivative of -x**2 - 2*x + 8. Determine j(i).
8
Let u be 4 + -5 - (0 + -2). Let f be 0 + 2/2 - u. Let o(x) be the second derivative of x**3/6 - 2*x**2 + 7*x. Give o(f).
-4
Let z(m) = m**3 + m**2. Let s(d) = d**2 + 2*d. Let q be s(-2). Suppose q = 5*p - 4*x + 22, 0*p - 2*p - 2*x + 2 = 0. Determine z(p).
-4
Let b(o) = -5*o**2 + 5*o + 7. Let s(p) = 4*p**2 - 5*p - 6. Let g(y) = -5*b(y) - 6*s(y). Calculate g(-6).
7
Let o(l) = 3*l**2 + 8*l - 5. Let r(i) = -7*i**2 - 17*i + 12. Let g(f) = -1. Let u(k) = -g(k) - r(k). Let a(d) = 9*o(d) - 4*u(d). Let y = -4 + 6. Calculate a(y).
3
Let d(g) be the first derivative of g**3 - 3 + 1/4*g**4 - 3*g**2 - 3*g. What is d(-4)?
5
Let l(b) be the third derivative of b**6/120 + b**5/10 + b**3/6 - 4*b**2. Let i(t) = -4*t + 6. Let j be i(3). Calculate l(j).
1
Let l(q) = q**3 + 3*q**2 - q + 3. Let z be 30/(-12)*(-6)/(-5). What is l(z)?
6
Suppose -6*t + 25 = -5. Let q(x) = x**3 - 5*x**2 + 2*x + 2. Determine q(t).
12
Let y = 0 - 0. Let s = -58 - -60. Let p = s + y. Let b(k) = -2*k + 2. Calculate b(p).
-2
Let g(h) be the third derivative of 0*h + 11/6*h**3 + 0 + 1/24*h**4 - 3*h**2. Suppose 4*f + 2*p + 27 = -p, -4*p + 26 = -5*f. Determine g(f).
5
Let f(k) = 10*k. Let t be ((-8)/(-12))/(4/54). Let b(j) = -j**3 + 10*j**2 - 10*j + 10. Let v be b(t). Determine f(v).
10
Let f(o) be the first derivative of -o**3/3 + 5*o + 1. Suppose 4 - 22 = b - 5*c, 0 = -5*b - 4*c + 55. Suppose 3*w - 3*u + b + 2 = 0, 12 = 4*w + 4*u. Give f(w).
5
Let y = 19 - 9. Suppose -3*z + 5*z + 4*b = y, -3*z + 3*b - 3 = 0. Let p(v) be the third derivative of -7*v**4/24 - v**3/6 - 8*v**2. Give p(z).
-8
Let x(o) = 1 + 10 + o**2 - 2*o**2 + 7*o - 1. What is x(8)?
2
Let n(f) = -f**2 + f. Let x be (-4)/2 + -2 + 5 + -1. Determine n(x).
0
Let r(z) be the second derivative of z**5/10 + z**4/6 - z**3/3 + z**2/2 - 7*z. Give r(1).
3
Let p(c) = -c**3 + 8*c**2 + 5*c + 39. Let j be p(9). Let n(q) = -q**3 + 3*q**2 + 2*q - 1. Calculate n(j).
5
Suppose r + 7 = 4*k, -7 = -5*k + r + 2*r. Let y(i) = i - k*i + 0 + 2. Give y(-3).
5
Let t(j) = -j**2 + 6*j + 7. Let p(n) = 7*n + 7. Let r be p(0). Determine t(r).
0
Let z(h) = -4*h**2 - 7*h - 4. Let l(a) = a**2. Let r(g) = 3*l(g) + z(g). Let s be r(-6). Let q(v) = -2*v**2 - v + 2. Give q(s).
-8
Let v(q) be the second derivative of -q**5/20 - q**4/6 + 5*q**3/6 - q**2/2 + 2*q - 16. What is v(-4)?
11
Let u = 31 - 35. Let b(w) = -w**3 - 10*w**2 + 4*w - 7. Let y(c) = -c**2 + c - 1. Let z(n) = -b(n) + 6*y(n). What is z(u)?
-7
Let u(v) = -v + 2. Let o be u(-8). Suppose 6*c - o = c. Let y be (c/2 + -2)*0. Let a(g) = g**3 + g**2 + g + 1. What is a(y)?
1
Let f(l) = -l - 4. Let y = -15 + 23. Let g(c) = -c**3 + 8*c**2 - 11. Let p be g(y). Let i be 53/p - (-6)/(-33). Calculate f(i).
1
Let j(k) = -10*k. Let w be (-1)/(3*3/9). Determine j(w).
10
Let n(f) = -f - 10. Let c(l) = -2. Let h(t) = t + 3. Let b be h(7). Let q(p) = b*c(p) - 2*n(p). Calculate q(1).
2
Let m(o) = 3*o**3 - 7*o**2 + 6*o. Let f(u) = -4*u**3 + 8*u**2 - 7*u. Let c(q) = 5*f(q) + 6*m(q). What is c(1)?
-3
Let f(p) = -p**3 - 3*p**2 + 8*p + 4. Let w be -6 - 1 - (0 + -2). What is f(w)?
14
Let l(t) be the second derivative of -t**4/12 + t**3/6 - 11*t**2/2 - 3*t. What is l(0)?
-11
Let f(d) be the first derivative of -d**2/2 - 3*d - 30. Determine f(-5).
2
Let t(u) = u + 7. Let o(r) be the second derivative of -r**4/6 + r**3/6 + r**2/2 + r. Suppose 0 = 4*n - x - 3, 7*n - 2*n - 2*x = 0. Let w be o(n). Give t(w).
2
Let d(f) = f**2 - f + 2. Let l = -15 + 15. Determine d(l).
2
Suppose -9*b + 25 = -4*b. Let q(a) = a**2 - 6*a + 3. Calculate q(b).
-2
Let c(l) = -l + 4 - 3 + 30*l**3 - 31*l**3. What is c(0)?
1
Let m(t) = 3*t + 2. Let q(d) = -d - 5 + 1 - 6*d. Let z(b) = 5*m(b) + 2*q(b). Give z(6).
8
Let m = 12 + -13. Let p(u) = u - 2 - 9*u**2 + 8 + 0*u**2. Let k(g) = 1. Let q(j) = -5*k(j) + p(j). Determine q(m).
-9
Let q(x) = x**3 + 4*x**2 + 2*x. Let c be (10/(-25))/(-1 + (-12)/(-10)). What is q(c)?
4
Let d(p) = 2. Let x(f) = -f + 16. Let u(s) = 18*d(s) - 2*x(s). Let a(z) = -z - 1. Let q(v) = 10*a(v) + 3*u(v). Calculate q(2).
-6
Suppose 20 = -3*m - 1. Let v(x) = -5*x. Let l be v(m). Suppose -5*f = -10 + l. Let r(n) = -n**2 - 6*n + 2. Give r(f).
7
Let x(v) = 10*v - 1. Let i(l) = l**3 + 9*l**2 + 7*l - 7. Suppose 3*o - 3*p = o - 13, 3*o + 3*p = -27. Let k be i(o). Determine x(k).
9
Suppose -4*s + 3*s = -1. Let k = s + 1. Let d(o) = 3 + o**k - 1 - 3*o + 0. Determine d(2).
0
Let i(h) = -h. Let y(l) = 6*l + 3. Let r(t) = 15*i(t) + 3*y(t). Give r(-6).
-9
Let p(i) = i + 3. Let m = 36 + -14. Suppose 3*g = 2*o - m, -3*g - o = -0*g + 7. Determine p(g).
-1
Let d(v) = -1. Let s(t) = t - 2. Let n(r) = -4*d(r) + 3*s(r). Calculate n(4).
10
Let p = -1 - -1. Let c = p + 4. Let n = c - 1. Let s(v) = -v**3 + 4*v**2 - 5*v + 3. Give s(n).
-3
Let r(l) = 1. Let x(h) = 3*h - 5*h + 3*h + 1. Let j(k) = -3*r(k) - x(k). What is j(3)?
-7
Let c(f) = f**3 - 3*f**2 + 2*f. Let n(y) = 3*y**3 - 2*y**2 + 1. Suppose p + 3*p - 4 = 0. Let b be n(p). What is c(b)?
0
Let n(s) be the first derivative of s**2 + 9. Calculate n(-5).
-10
Let d(m) be the third derivative of -m**4/24 - 4*m**3/3 + 4*m**2. Determine d(-6).
-2
Let o(n) = 2*n. Let q(v) = -v**3 - 4*v**2 - 26. Let h be q(-5). Determine o(h).
-2
Let v(j) = j**2 - 103*j**3 - j + 102*j**3 - 6 - 6*j**2 + 13. What is v(-5)?
12
Let g(a) = -5*a**2 - 1. Let s be g(1). Let n(z) be the first derivative of -z**3/3 - 4*z**2 - 6*z - 8. Determine n(s).
6
Suppose 0 = s + 5, 3*l + 0*l - 4*s = 77. Let x(u) = -l*u + 11*u + 4 + 7*u. Determine x(-6).
10
Let r(p) = p**3 - 4*p**2 + 2*p - 6. Let i(h) be the first derivative of 5*h**2 + 3 - 1/4*h**4 + 13*h - 8/3*h**3. Let q be i(-9). Calculate r(q).
2
Suppose 0 = 8*u - u - 35. Let y(w) be the second derivative of w**3/3 - 2*w**2 - w. What is y(u)?
6
Let o(b) = 5*b - 3*b - 4*b - b + 1. Determine o(-2).
7
Let t(m) = -m**2 + 3. Let i be (-1)/(-4) - 209/(-44). Suppose -8 = -5*o + 2*z - 33, -z + i = 0. What is t(o)?
-6
Let k(g) = 2*g. Let u be k(1). Let b(c) = -c**2. Give b(u).
-4
Let u(d) be the third derivative of -d**4/6 - d**3/6 + 8*d**2. Determine u(-2).
7
Suppose -l = -0*l - 4. Let x(n) = 5*n**2 + 6*n**3 - 5 - l*n**3 - n**3 - 7*n. Determine x(-6).
1
Let w(r) be the third derivative of r**4/24 - r**3/2 - r**2. Let j be 24/(-9) - 1/3. Give w(j).
-6
Let m = 11 + -15. Let i(k) = 8 - 2 + k - 3. Determine i(m).
-1
Let j(t) = -t**3 + 4*t**2 + 12*t - 3. Suppose 0 = 2*q + 2*q - 24. Let d(v) = -v**3 + 3*v**2 + 11*v - 2. Let r(l) = q*d(l) - 5*j(l). Calculate r(-4).
11
Let q(i) = -i**2 + 1. Suppose 0 = 3*c - 15 + 3. Suppose -h - 15 = c*h. Calculate q(h).
-8
Suppose -5*n + 0*n - 4*y = -18, -n + 4*y = 6. Let p(u) = -6*u**n + 3 - 4*u**3 + 4*u - u + 5*u**3. Let b be ((-5)/(-4))/(14/56). Determine p(b).
-7
Let q(l) = 4*l + 4. Let h(u) = u. Let t be (0 - 0)/(3 - 5). Let d = -1 - t. Let p(j) = d*q(j) + 5*h(j). Give p(3).
-1
Let m(p) = 15*p**2 + 13*p - 11. Let x = -57 + 96. Let q be (-1)/(3/x)*1. Let l(k) = -7*k**2 - 6*k + 5. Let i(c) = q*l(c) - 6*m(c). Give i(1).
2
Let v be ((-6)/28)/((-144)/56). Let f(k) be the third derivative of 0 + 1/2*k**3 + v*k**4 + 2*k**2 + 0*k. Determine f(-4).
-5
Let i(t) = 2*t - 7. Let n(q) = q + 7. Let u(j) = -j - 14. Let h = -2 - -7. Let w(y) = h*n(y) + 3*u(y). Let k be w(6). What is i(k)?
3
Let s(q) = -q + 4. Let i be s(-3). Let z = -3 + i. Let b(j) = -j + 1. Let a be b(z). Let w(c) = -c - 2. What is w(a)?
1
Let w(d) = -2 - 1 + d + 1. Determine w(0).
-2
Let i(r) be the third derivative of -r**6/120 + r**5/12 - r**4/12 - r**3/6 - 8*r**2. Give i(4).
7
Let x(i) = -i**2 + 1. Suppose -1 = -t - 0. Let k(u) = 4*u**2 - u -